1907
Calculate the greatest common divisor of 102999073 and 103.
103
Calculate the highest common factor of 5388 and 168152745.
1347
Calculate the greatest common factor of 9035 and 7835152.
1807
Calculate the greatest common divisor of 12 and 88680240.
12
Calculate the greatest common factor of 22 and 213577727.
11
Calculate the highest common divisor of 416 and 18628.
4
Calculate the highest common factor of 11 and 45668843.
11
Calculate the greatest common factor of 835 and 13174797.
167
Calculate the greatest common factor of 54 and 3490335.
9
What is the highest common factor of 326244 and 126108?
372
What is the highest common factor of 81808503 and 2562?
1281
Calculate the greatest common divisor of 313460146 and 45287.
4117
What is the greatest common factor of 736338215 and 690?
115
Calculate the highest common factor of 1860592 and 824.
824
What is the highest common divisor of 39996 and 558833?
1111
Calculate the highest common factor of 666216 and 27912.
24
Calculate the highest common divisor of 642 and 1172934.
642
Calculate the greatest common factor of 21156 and 148420.
164
What is the greatest common divisor of 55593 and 11213172?
639
What is the highest common divisor of 1153178 and 69836?
442
What is the highest common factor of 11 and 930720384?
11
What is the greatest common factor of 2046 and 57389184?
186
Calculate the greatest common divisor of 154 and 11011836.
22
Calculate the highest common factor of 559052 and 7767184.
3308
Calculate the greatest common divisor of 24083854 and 17978.
202
Calculate the highest common factor of 60880 and 182680.
40
Calculate the highest common factor of 790854 and 1261842.
534
Calculate the greatest common divisor of 1140580 and 280.
140
What is the highest common factor of 28954 and 11346?
62
What is the highest common divisor of 106408 and 108?
4
What is the greatest common divisor of 345015 and 333?
9
Calculate the greatest common factor of 5 and 897710940.
5
Calculate the greatest common divisor of 4096 and 2074432.
64
What is the greatest common divisor of 81617 and 22389?
17
Calculate the highest common divisor of 27881 and 862106.
49
What is the greatest common factor of 245 and 22008056?
49
What is the greatest common factor of 226236 and 1632?
204
Calculate the highest common factor of 4844 and 18757088.
28
What is the highest common factor of 50670 and 15978?
6
What is the greatest common factor of 11649 and 37432120?
3883
Calculate the greatest common divisor of 20855 and 6457955.
215
Calculate the highest common divisor of 1066419 and 23014.
311
Calculate the highest common factor of 6312086 and 3146.
242
What is the highest common factor of 1227416460 and 180?
60
What is the greatest common divisor of 296 and 32428132?
148
Calculate the greatest common factor of 33547824 and 73944.
5688
Calculate the highest common factor of 18936 and 117778238.
526
What is the greatest common divisor of 40680 and 5933743?
113
Calculate the highest common divisor of 19726485 and 366.
183
What is the greatest common divisor of 39412 and 1476948?
668
Calculate the greatest common factor of 932640 and 609.
87
Calculate the highest common divisor of 7808 and 2398520.
488
What is the greatest common factor of 290 and 4718550?
10
What is the greatest common divisor of 1042290 and 1665000?
3330
Calculate the highest common divisor of 1467774 and 9933.
231
What is the greatest common divisor of 164305 and 37060?
85
Calculate the highest common factor of 313978962 and 31845.
6369
Calculate the greatest common divisor of 2747332 and 32207.
749
What is the greatest common factor of 18 and 26131722?
6
Calculate the highest common divisor of 20336 and 69830011.
1271
Calculate the greatest common divisor of 17515892 and 188.
4
Calculate the greatest common divisor of 255 and 1885515.
15
Calculate the greatest common divisor of 6281480 and 32.
8
Calculate the greatest common divisor of 13100 and 2721263.
131
Calculate the greatest common divisor of 104468551 and 55.
11
What is the highest common factor of 18026 and 122?
2
What is the greatest common factor of 1774 and 1073837680?
1774
Calculate the highest common divisor of 2737592 and 8086.
26
Calculate the highest common divisor of 37905353 and 664.
83
Calculate the greatest common divisor of 392808 and 6123.
39
What is the greatest common divisor of 97206102 and 13230?
2646
Calculate the greatest common factor of 4014465 and 1989.
663
Calculate the highest common factor of 11924 and 42081964.
1084
Calculate the highest common divisor of 351 and 4151667.
39
What is the highest common factor of 6490 and 19758805?
3245
Calculate the greatest common factor of 13247448 and 2097.
699
What is the highest common factor of 3043 and 5875591?
17
What is the greatest common factor of 10404 and 520404?
204
Calculate the highest common factor of 54022111 and 2301.
767
What is the highest common factor of 119204076 and 4656?
1164
Calculate the greatest common divisor of 63195 and 181925.
1915
Calculate the greatest common factor of 1034838 and 9976.
86
Calculate the greatest common divisor of 7994 and 900704.
14
What is the greatest common divisor of 50490 and 2489310?
1530
Calculate the highest common divisor of 724 and 1531876848.
724
What is the greatest common divisor of 40246870 and 170?
10
What is the greatest common divisor of 56 and 5801704?
8
What is the highest common divisor of 141369412 and 4?
4
Calculate the highest common factor of 1270713 and 16851.
123
Calculate the highest common divisor of 70536334 and 44.
22
What is the greatest common divisor of 28232 and 7506183?
3529
Calculate the highest common divisor of 20 and 20260660.
20
What is the greatest common divisor of 3290 and 21441259?
329
What is the greatest common divisor of 3337 and 8825087?
71
Calculate the greatest common factor of 145801 and 67731.
211
Calculate the greatest common factor of 690 and 13877510.
230
Calculate the greatest common divisor of 149382 and 12352.
386
What is the greatest common divisor of 212 and 31259082?
106
Calculate the highest common factor of 65028 and 10236.
12
Calculate the greatest common factor of 27814620 and 1500.
60
Calculate the greatest common divisor of 1558088 and 112.
56
What is the greatest common factor of 26793642 and 30?
6
Calculate the highest common divisor of 40591665 and 480.
15
Calculate the greatest common divisor of 1724000 and 360.
40
Calculate the greatest common divisor of 50350 and 32946.
38
Calculate the greatest common divisor of 153 and 2641562.
17
Calculate the greatest common factor of 2267920 and 1580.
20
Calculate the highest common factor of 65009106 and 9756.
4878
Calculate the highest common factor of 96978394 and 76.
38
Calculate the highest common divisor of 8854 and 1706026.
466
Calculate the highest common divisor of 180766 and 388265.
1273
What is the greatest common factor of 18086916 and 7473?
141
What is the highest common divisor of 3288 and 69020052?
1644
What is the greatest common divisor of 667411 and 445?
89
What is the highest common divisor of 59708 and 129536?
1012
Calculate the highest common divisor of 5 and 38105761.
1
What is the greatest common divisor of 76484390 and 10?
10
Calculate the highest common divisor of 109053 and 684.
9
What is the highest common factor of 200759182 and 3068?
1534
What is the greatest common divisor of 2685 and 153743995?
895
What is the greatest common divisor of 44165300 and 219300?
4300
Calculate the greatest common factor of 2600 and 31196425.
325
Calculate the highest common divisor of 3058 and 3164752.
278
Calculate the highest common divisor of 2241 and 11627387.
83
What is the greatest common factor of 9 and 6423777?
9
What is the greatest common divisor of 582 and 51273327?
291
Calculate the highest common factor of 98 and 363078926.
98
Calculate the highest common factor of 114949 and 571507.
1619
What is the greatest common factor of 2624 and 77977736?
328
Calculate the greatest common divisor of 578676 and 2128.
28
Calculate the highest common factor of 6957048 and 14.
14
What is the highest common factor of 46948 and 1339228?
484
What is the highest common factor of 552 and 18215126?
46
What is the greatest common factor of 2799 and 1065797?
311
Calculate